pose -4*b + 7 = -149. Suppose b = 3*s - 51. What are the prime factors of s?
2, 3, 5
Suppose -v + 5*i + 3198 = 0, -6452 = -2*v + 2*i - 6*i. What are the prime factors of v?
2, 1609
Let x = 2024 + -1038. List the prime factors of x.
2, 17, 29
Let n = 15 - 274. Let d = n - -450. List the prime factors of d.
191
Let j = -98 + 112. Suppose 4*d - 88 - 80 = 0. Let i = d + j. What are the prime factors of i?
2, 7
Suppose -2*i = -3*i + 60. Suppose b = -h + 27, 5*h - 2*b = i + 61. Let a = 35 - h. What are the prime factors of a?
2, 5
Let h be 8/6*(8 - 5). Suppose -2*l + l + h*z = 15, -4*l - 80 = 4*z. Let w = -14 - l. List the prime factors of w.
5
Let h(v) = v + 20. Suppose a = 2*a. Let t be h(a). Suppose 5*w - 84 = 4*i, 2*i = w - 2*i - t. List the prime factors of w.
2
Let y = -38 - -35. What are the prime factors of ((-5)/((-30)/(-212)))/(2/y)?
53
Let p(w) = -w**3 - 4*w**2 + 10*w - 11. Let b be p(-6). Let k = 34 + b. List the prime factors of k.
5, 7
Suppose 12068 = 5*n + q, 4*q + 13776 = 5*n + 1723. List the prime factors of n.
19, 127
Suppose d + 384 = 5*d. Let l be (5 - (-516)/(-108)) + 1167/(-27). Let x = d + l. What are the prime factors of x?
53
What are the prime factors of 666 + (5 - -43)/6?
2, 337
Let o(m) = m + 3. Let i be o(8). Let p(n) = n - n**3 + 6*n + 0*n**3 - 5*n**2 + i + 0*n**3. List the prime factors of p(-6).
5
Suppose -1 = t - 6. Let j(g) = 14*g + 20. What are the prime factors of j(t)?
2, 3, 5
Let k = 8 - 319. Let c = -43 - k. List the prime factors of c.
2, 67
Suppose 15 = l - 4*w - 3, 2*l - 6 = -2*w. Suppose 0*a - l = -3*a. Suppose -g = a*t - 12, 21 = 2*t + t + 3*g. What are the prime factors of t?
5
Let a = 6 - 3. Suppose u = 2*u - a. Let b(p) = 3*p**3 - p**2 - 3*p + 3. What are the prime factors of b(u)?
2, 3, 11
Let h(w) = -3*w**3 + 3*w**2 - 18*w - 33. List the prime factors of h(-5).
3, 13
Suppose 2*c - 3*y - 16 = -8*y, -3*c + 24 = -2*y. List the prime factors of 17*(-3 + c + -4).
17
Let u(b) = b**3 - 3*b**2 - 5*b + 4. Let i be u(4). Suppose i*s - y + 97 = 4*s, -s - 5*y = -10. What are the prime factors of s?
5
Suppose -3*b + 1102 = -5*f, 2*b = -5*f + f + 742. List the prime factors of b.
3, 41
Let t = -2412 - -4707. List the prime factors of t.
3, 5, 17
Suppose 0 = 8*l + 1061 - 6381. What are the prime factors of l?
5, 7, 19
Suppose 0 = -8*h + 7*h. Suppose -21 = -3*q - h*q. List the prime factors of q.
7
Suppose -69*o + 64*o = -8435. What are the prime factors of o?
7, 241
Let q = 1501 + -848. List the prime factors of q.
653
Let d = -32 - -45. Let z be (4/(-14))/((-3)/42). Suppose 117 = z*h + d. List the prime factors of h.
2, 13
Suppose 178 + 8 = -3*u. Let n be (1 + -26)/(12/(-48)). Let l = n + u. List the prime factors of l.
2, 19
List the prime factors of 2643/18 + (10/(-12) - -1).
3, 7
Suppose 4*n - 3*r = 22, n + r - 7 = 2. Let y(k) = k**2 - 3*k + 9. List the prime factors of y(n).
37
What are the prime factors of 6/20 - (-1362925)/250?
2, 29, 47
Let h = 5 + -2. Suppose h*m - 6*m + 30 = 0. Suppose 0 = -5*c + m. What are the prime factors of c?
2
Let x be (-8)/8*(-9)/3. Suppose 4*t - 3*b = 47, -x*t = 2*t + 3*b - 25. List the prime factors of t/28 + 876/21.
2, 3, 7
List the prime factors of 448/3360 - (4346/(-30) + 0).
5, 29
Suppose 0 = -2*g + 4*o + 814, -1995 = -5*g - 2*o + 4*o. List the prime factors of g.
397
Let h be 2 - (12/4 - 4). Suppose 0 = -d - h*b + 323, 2*b + b - 658 = -2*d. Suppose 4*p + p - d = 0. What are the prime factors of p?
67
Suppose -5*b = -4*z - 160, -2*b = 5*z - 49 + 18. Let u be (b/20)/(5/125). Suppose -3*d - 2*d = -u. What are the prime factors of d?
7
Suppose 0 = 5*w - 20, 0 = -8*i + 10*i + 4*w - 4210. List the prime factors of i.
3, 233
Let y = -29 - -32. Suppose -2*h - 154 = -2*j, 5*j + 69 = 6*j + y*h. List the prime factors of j.
3, 5
Let n be ((-24)/15)/(4/(-10)). Suppose -n*z = 5*f - 1147, 2*z - 5*z + 889 = -2*f. What are the prime factors of z?
293
Let c(n) = n**3 - 40*n**2 + 26*n + 22. List the prime factors of c(40).
2, 3, 59
Let m(g) = -g**2 + 8*g - 5. Let h be m(7). Suppose -l = h*l + 15. What are the prime factors of (-182)/l - (-48)/80?
37
Suppose -660 = -3*f + 15. Let z = f - 121. What are the prime factors of z?
2, 13
Let z(r) = -r**3 + 12*r**2 + 28*r + 65. What are the prime factors of z(10)?
5, 109
List the prime factors of 378 + 6*4/(-6).
2, 11, 17
List the prime factors of (-2)/((-5)/(-5)*1) + 485.
3, 7, 23
Suppose -4 = h, -12*a = -7*a - 2*h - 9813. What are the prime factors of a?
37, 53
Let k = -475 + 1766. List the prime factors of k.
1291
Suppose -b = -2*k - 10 - 84, -5*b = 2*k - 434. Suppose 62 + b = 6*u. What are the prime factors of u?
5
Let w(n) = -25*n**2 - 3*n + 57*n**2 + 1 - 32*n**2 + 15*n**3. List the prime factors of w(2).
5, 23
Let i = 1398 - 952. What are the prime factors of i?
2, 223
Let g be ((-4)/(-5))/(10/2875). Suppose -2*d + g = -5*l + 3*l, 2*l = -4*d + 466. Suppose 5*n - d = -1. What are the prime factors of n?
23
Let r = -27 + 29. Suppose -2*l - 4*o = r, o + o = -3*l - 7. Let w(m) = 8*m**2 + 4*m. List the prime factors of w(l).
2, 3, 5
Let w = -10 + 3. Let c = 9 + w. Suppose t + t - 48 = -3*n, 5*t - 98 = -c*n. List the prime factors of t.
2, 3
Let l(b) = b**3 - b - 16. Let i be l(0). Let o = -12 - i. Suppose -2*q - o*w + 28 = 0, -25 - 13 = -4*q + w. List the prime factors of q.
2, 5
Let r(v) = -2*v**2 - 8*v - 6. Let y be r(-4). Let m(o) = o**2 + o - 1. Let x(j) = 3*j**2 + 10*j + 1. Let l(p) = -m(p) + x(p). List the prime factors of l(y).
2, 5
Let l(z) = 8*z**2 + 20*z + 16. List the prime factors of l(8).
2, 43
Let y(m) = 41*m**2 - m - 9. What are the prime factors of y(3)?
3, 7, 17
List the prime factors of (25/(-10) - 5)*184/(-3).
2, 5, 23
Suppose r + 16 = 4*g, 2*g - 3*r + 0 - 18 = 0. Suppose g*y - 174 = -0*y. Let l = 81 - y. List the prime factors of l.
23
Let o(l) be the first derivative of -217*l**2/2 - 47. What are the prime factors of o(-1)?
7, 31
Suppose -6*j - 24 = -0*j. Let o(d) = -5*d**2 - 13*d + 14. Let p(a) = -11*a**2 - 27*a + 28. Let u(c) = j*p(c) + 9*o(c). List the prime factors of u(-8).
2, 11
Suppose 0*t - 4*t - 36 = 0. Let j be 135 + t + (-1 - 1). Let k = j + -89. List the prime factors of k.
5, 7
Let w = -64 - -96. Suppose 4*q - 224 + w = 0. List the prime factors of q.
2, 3
Suppose 3*l - 2*y = 6*l - 15, -5*l = y - 18. Suppose 9*r - 300 = l*r. List the prime factors of r.
2, 5
Suppose o - 2*o = -5. Suppose 2 = -q - o*c - 0*c, c = -4*q + 11. Suppose 4 = -l + q*i, -3*l = -2*i - 30 + 7. List the prime factors of l.
11
Let v(u) be the third derivative of -u**5/60 + 7*u**4/12 - u**3/3 - 4*u**2. List the prime factors of v(7).
47
Let x(f) = 4*f**3 - 4*f**2 + 3*f - 14. Let y be x(6). Suppose o = -2*l + 140, -o = 4*o + 4*l - y. What are the prime factors of o?
2, 37
Suppose 165*d - 167*d = -4500. Suppose -4*z = -14*z + d. What are the prime factors of z?
3, 5
Suppose 30*m - 29*m - 3 = 0. Suppose 4*k + y = 279, 2*y + 339 = m*k + 2*k. List the prime factors of k.
3, 23
Suppose -2*j - 6 = -5*q, q = 4*j - 2*q - 2. Suppose -j*w = 2*h - 118, 2*h = -0*h - 4. List the prime factors of w.
61
Let q(h) = h**3 + 15*h**2 - 9*h + 12. Let u be q(-16). Let b = -61 - u. List the prime factors of b.
3, 13
Let a(q) = q**3 + 3*q**2 + 4*q + 7. Let h be a(-3). What are the prime factors of (15/(-5) - 5)/(1/h)?
2, 5
Let c(u) = -105*u + 84. Let z(j) = -30*j + 24. Let w(q) = 5*c(q) - 18*z(q). What are the prime factors of w(5)?
3, 7
Let t = 5 + 24. Suppose 0 = 3*f - 6 - 9, -5*f = -4*s - 97. Let u = t + s. What are the prime factors of u?
11
Suppose 4*q = -q - 25. Let n be (-3 - (-3 + q)) + -3. Suppose n*y + 2*y = 64. What are the prime factors of y?
2
Let d = -346 + 356. What are the prime factors of d?
2, 5
Let d = -10 + 16. Suppose 3*n = 5*j + d, -5*j + 2*j - 10 = -5*n. Suppose -5*g - 2*o + 91 = 0, -2*g + 3*g - 4*o - 27 = j. List the prime factors of g.
19
Suppose -24*a - 30392 = -82*a. What are the prime factors of a?
2, 131
Let s(b) = b**2 + 7*b + 2. Let z be s(-7). Suppose u - 67 = -z*m + 9, -u + 3*m + 61 = 0. List the prime factors of u.
2, 5, 7
Let l = 1349 - 616. List the prime factors of l.
733
Suppose -5*c = -1300 - 920. What are the prime factors of c?
2, 3, 37
Let o = -984 + 2699. What are the prime factors of o?
5, 7
Suppose -15 = -g + 4*l, -5*l = 5*